**2 + 10*x + 9. Determine h(9).
18
Let t(p) = p**3 + p**2 - 10*p + 9. Give t(4).
49
Let r(c) = -82*c**3 - 3*c**2 - 5*c - 2. Calculate r(-1).
82
Let j(w) = -w**2 + 3*w + 4. Determine j(5).
-6
Let r(y) = -4*y - 39. Calculate r(-11).
5
Let m(h) = -3*h**2 + 8*h + 17. Determine m(-2).
-11
Let c(a) = -5*a + 14. Calculate c(8).
-26
Let t(i) = 138*i - 684. Give t(5).
6
Let c(r) = 28*r - 3. Give c(-2).
-59
Let w(q) = -q**3 - 11*q**2 - 2*q + 25. What is w(-10)?
-55
Let x(d) = 2*d**2 + 2*d - 1. Determine x(-3).
11
Let z(u) = -4*u - 7. Calculate z(-6).
17
Let x(a) = 2*a**2 + 12*a + 10. What is x(-3)?
-8
Let g(y) = -40*y - 1. Give g(2).
-81
Let p(d) = -d**3 + 7*d**2 - 12*d + 17. Calculate p(5).
7
Let n(w) = 2*w + 9. Calculate n(6).
21
Let t(h) = 2*h**2 - 21*h - 434. Calculate t(21).
7
Let x(y) = -7*y - 42. Give x(6).
-84
Let y(v) = v**2 + 6*v - 25. Give y(-9).
2
Let d(v) = -10*v + 32. Determine d(3).
2
Let o(l) = l**2 + 12*l + 25. Give o(-5).
-10
Let a(b) = -b**2 + 2*b - 6. Give a(3).
-9
Let d(a) = -60*a**2 + a - 1. Calculate d(-1).
-62
Let m(s) = s**3 + 8*s**2 + 2*s + 9. Determine m(-8).
-7
Let v(t) = -t**2 - 3*t - 2. Calculate v(-2).
0
Let u(o) = o**3 + 2*o**2 - 10*o - 11. What is u(-4)?
-3
Let n(c) = c**3 + 9*c**2 - 21*c - 30. Give n(-11).
-41
Let t(f) = 7*f - 12. Calculate t(6).
30
Let f(v) = 10*v + 23. What is f(-7)?
-47
Let p(w) = 8*w. Calculate p(-1).
-8
Let y(o) = 4*o + 31. Give y(-16).
-33
Let p(m) = m - 2. What is p(-9)?
-11
Let h(t) = -t**2 - 15*t + 11. Calculate h(-13).
37
Let g(n) = 42*n + 425. Determine g(-10).
5
Let a(p) = p - 143. Calculate a(0).
-143
Let g(r) = 7*r - 2. Determine g(4).
26
Let z(f) = -2*f**2 + 12*f - 8. Determine z(5).
2
Let d(m) = 2*m**2 - 6*m + 6. Calculate d(2).
2
Let i(a) = 2*a**2 + a - 3. What is i(-2)?
3
Let l(v) = -3*v**3 + 3*v**2 - v - 1. Calculate l(2).
-15
Let n(l) = -l**2 - 2*l - 12. Give n(4).
-36
Let k(a) = a**3 - a**2 - 4*a - 3. Calculate k(-2).
-7
Let d(l) = -5*l - 26. Determine d(-4).
-6
Let h(b) = b**3 - 6*b**2 + 11*b - 5. Give h(4).
7
Let s(m) = m + 4. Give s(-10).
-6
Let n(j) = j**3 - 10*j**2 + 15*j - 12. Give n(7).
-54
Let b(n) = -5*n - 41. Give b(-9).
4
Let t(h) = 15*h + 623. Determine t(-41).
8
Let o(l) = -3*l**2 + 3*l + 1. Give o(4).
-35
Let a(t) = -t**2 + 9*t - 26. Calculate a(9).
-26
Let z(a) = 95*a - 15. Give z(0).
-15
Let o(z) = -6*z - 27. What is o(-6)?
9
Let z(x) = -2*x + 16. What is z(8)?
0
Let m(l) = 69*l - 62. What is m(1)?
7
Let l(w) = 3*w**3 - 4*w**2 + 8*w - 5. Give l(2).
19
Let r(f) = -8*f + 17. Determine r(7).
-39
Let t(u) = 2*u - 15. What is t(6)?
-3
Let w(s) = -s**3 + 8*s**2 - 8*s + 2. What is w(7)?
-5
Let a(k) = k - 2. What is a(3)?
1
Let d(y) = -y + 6. Give d(3).
3
Let q(z) = z**2 + 9*z + 6. What is q(-7)?
-8
Let f(q) = -33*q + 8. Give f(-4).
140
Let a(m) = 2*m**2 - 20*m + 38. Calculate a(7).
-4
Let x(f) = f**2 - 6*f + 1. What is x(7)?
8
Let i(p) = -p**2 + 40*p + 6. What is i(0)?
6
Let y(u) = 2*u**3 - 51*u**2 + 25*u - 35. Calculate y(25).
-35
Let i(r) = -33*r + 1. What is i(2)?
-65
Let q(r) = -17*r + 15. Give q(4).
-53
Let t(c) = -c**3 + 11*c**2 + c - 15. Calculate t(11).
-4
Let k(r) = -2*r - 55. Give k(30).
-115
Let t(v) = 4*v - 29. Give t(17).
39
Let g(m) = m**2 - 114*m + 645. Give g(6).
-3
Let p(r) = 2*r**3 - 12*r**2 + 9*r + 1. What is p(5)?
-4
Let d(b) = b**2 + 7*b - 57. Give d(-16).
87
Let l(o) = -11*o - 1. Give l(-2).
21
Let c(s) = -2*s**3 - 2*s**2 - 1. Calculate c(-2).
7
Let u(r) = -r**3 + 5*r**2 + 5*r + 5. Determine u(5).
30
Let s(q) = q**2 + 32*q - 5. Calculate s(-33).
28
Let p(m) = 2*m**3 - 4*m**2 + 4*m - 2. Calculate p(2).
6
Let k(x) = 3*x - 28. Give k(7).
-7
Let p(a) = 5*a + 1. Determine p(2).
11
Let k(l) = l**3 - 2*l**2 + 2. What is k(2)?
2
Let q(i) = -12*i - 11. Calculate q(5).
-71
Let o(r) = 37*r**3 - 2*r + 1. Calculate o(1).
36
Let p(t) = -7*t - 175. Determine p(-27).
14
Let r(x) = -2*x**2 + 4*x - 5. Calculate r(4).
-21
Let s(i) = i**2 + 16*i + 9. Determine s(-13).
-30
Let t(f) = -4*f - 6. Calculate t(-6).
18
Let j(y) = y**2 - 5*y - 7. What is j(5)?
-7
Let x(g) = -3*g - 22. Give x(-12).
14
Let s(x) = -3*x - 44. Give s(-18).
10
Let c(f) = -f - 3. Give c(6).
-9
Let h(j) = 9*j + 8. Calculate h(-2).
-10
Let l(f) = f**3 + 5*f**2 - f - 3. Determine l(-5).
2
Let r(d) = 8*d - 27. What is r(5)?
13
Let w(n) = -4*n + 21. Calculate w(7).
-7
Let g(w) = 8*w**2 - 3*w - 5. Calculate g(0).
-5
Let t(h) = -26*h - 8. What is t(-4)?
96
Let q(s) = -4*s - 93. Calculate q(-22).
-5
Let k(d) = -d**2 + 12*d - 4. What is k(11)?
7
Let h(y) = -15*y - 5. What is h(-4)?
55
Let f(i) = -8*i - 134. Give f(-23).
50
Let r(a) = -8*a**3 + 2*a**2 + 2*a - 4. What is r(1)?
-8
Let h(m) = m**2 + 4*m - 8. Determine h(-9).
37
Let c(a) = -a**2 + 3*a + 39. What is c(8)?
-1
Let m(x) = -x**3 - 12*x**2 + 11*x - 3. What is m(-13)?
23
Let u(w) = -2*w - 19. What is u(-15)?
11
Let p(w) = -2*w + 2. Give p(1).
0
Let a(f) = -2*f - 22. Give a(-9).
-4
Let w(d) = -d**2 + 3. Calculate w(3).
-6
Let u(t) = t**3 - 8*t**2 + 3*t + 19. Calculate u(7).
-9
Let c(b) = b**3 + 14*b**2 + 15*b + 18. What is c(-13)?
-8
Let y(i) = -9*i - 25. Calculate y(-3).
2
Let o(i) = -3*i + 15. What is o(3)?
6
Let l(g) = 6*g - 3. Calculate l(2).
9
Let q(p) = p**2 - 34*p + 289. Determine q(16).
1
Let l(c) = 22*c**2 + c. What is l(2)?
90
Let u(r) = 2*r - 20. Determine u(9).
-2
Let a(h) = -h**2 + 12*h - 12. Calculate a(10).
8
Let o(f) = -f + 33. Calculate o(13).
20
Let l(t) = t**3 + 5*t**2 - 6*t + 4. Calculate l(-5).
34
Let r(y) = 11*y - 1. Determine r(4).
43
Let k(r) = r**3 - 44*r**2 - 44*r - 17. Give k(45).
28
Let u(c) = -c**3 + 13*c**2 + 14*c + 5. Determine u(14).
5
Let d(m) = m**3 + 9*m**2 - 10*m - 12. Calculate d(-10).
-12
Let l(d) = d**2 - 7*d - 49. Determine l(8).
-41
Let f(h) = h**2 - 3*h - 5. Give f(4).
-1
Let k(z) = 7*z - 59. Determine k(16).
53
Let m(x) = x**3 - 8*x**2 - 10*x - 3. What is m(9)?
-12
Let g(i) = i**3 - i**2 - 26. Calculate g(0).
-26
Let o(n) = 6*n**2 + 3*n - 4. Determine o(-3).
41
Let u(b) = 4*b**2 + 4*b. Determine u(-2).
8
Let l(s) = -2*s**2 - 71*s - 101. What is l(-33)?
64
Let m(f) = -f**3 - 12*f**2 + 11*f - 13. What is m(-13)?
13
Let j(y) = -y**3 - 11*y**2 - 9*y + 14. Give j(-10).
4
Let d(r) = -10*r + 20. Determine d(-15).
170
Let s(y) = y**2 + 21*y + 22. Determine s(-20).
2
Let b(j) = -4*j + 39. Calculate b(9).
3
Let u(h) = -2*h**2 - 3*h - 3. Determine u(-8).
-107
Let n(l) = -4*l**2 + 55*l - 7. What is n(13)?
32
Let j(t) = -4*t + 2. Determine j(-2).
10
Let v(d) = -d**2 + 23. What is v(0)?
23
Let a(j) = -j**3 - 24*j**2 + 23*j - 48. What is a(-25)?
2
Let x(c) = -12*c + 570. What is x(48)?
-6
Let q(p) = -12*p + 218. Determine q(20).
-22
Let q(a) = -3*a**2 - 6*a - 21. Give q(-5).
-66
Let b(y) = -y**3 - 13*y**2 - 22*y + 7. What is b(-11)?
7
Let f(i) = -13*i**2. Determine f(-1).
-13
Let s(a) = 2*a**3 - 59*a**2 + 29*a - 27. What is s(29)?
-27
Let s(j) = -j**3 + 5*j - 2. Determine s(3).
-14
Let n(h) = -4*h + 23. Give n(5).
3
Let z(f) = 2*f + 2. Determine z(-7).
-12
Let u(m) = 27*m**3 + 3*m - 4. Determine u(1).
26
Let a(h) = -2*h**2 - 2*h - 1. Give a(-2).
-5
Let x(l) = -6*l**2 - 5*l + 10. Calculate x(3).
-59
Let m(z) = z**2 - 35*z - 231. Calculate m(41).
15
Let m(x) = 2*x + 12. Give m(3).
18
Let n(p) = -5*p + 26. Calculate n(4).
6
Let o(r) = r**2 - 5*r - 66. Give o(11).
0
Let l(m) = 2*m**2 - 7*m - 13. Calculate l(-2).
9
Let f(a) = -3*a + 73. Determine f(22).
7
Let w(z) = -4*z + 17. What is w(8)?
-15
Let g(w) = -2*w**2 + 32*w - 31. Give g(15).
-1
Let s(m) = -m**3 - 7*m**2 + 6*m - 6. Calculate s(-8).
10
Let k(l) = -4*l - 9. Determine k(-5).
11
Let k(b) = -b - 18. What is k(-14)?
-4
Let v(b) = -b**3 + 9*b**2 + 2*b. Calculate v(9).
18
Let u(k) = k**3 - 5*k - 3. Give u(-2).
-1
Let y(t) = t**2 + 3*t - 1. What is y(0)?
-1
Let z(n) = -7*n + 54. Determine z(15).
-51
Let x(l) = -28*l**3 - 9*l**2 + 8*l. Give x(1).
-29
Let w(n) = -n**2 - 19*n - 7. Calculate w(-20).
-27
Let u(x) = 4*x - 24. Calculate u(6).
0
Let u(d) = -10*d + 11. Give u(-2).
31
Let w(y) = 20*y + 109. Determine w(-6).
-11
Let z(x) = -8*x + 4. Determine z(2).
-12
Let m(u) = u + 8. Calculate m(9).
17
Let z(c) = -c**3 + 6*c**2 - 4*c - 8. Calculate z(5).
-3
Let o(h) = -4*h**2 + 2*h + 3. Determine o(-2).
-17
Let l(j) = 5*j**3 - j**2 - 2*j. Determine l(-1).
-4
Let g(k) = 2*k**2 + 29*k + 